ase 3, what is 1111 - 11100011?
-11021200
In base 11, what is 3417a - 5?
34175
In base 2, what is -111100110110 - 1101?
-111101000011
In base 8, what is 6 - 4022?
-4014
In base 8, what is -113 + -424?
-537
In base 3, what is -1122122010 + 10?
-1122122000
In base 2, what is 111011000 - -10000100110?
10111111110
In base 11, what is -17421 - -27?
-173a5
In base 5, what is 13321212 - 3?
13321204
In base 15, what is -15b2 + -a?
-15bc
In base 13, what is 54 + 32c?
383
In base 13, what is 52c9 - -15?
5311
In base 11, what is 4 - -20396?
2039a
In base 9, what is 2 + 14872?
14874
In base 4, what is 12 - -1001313?
1001331
In base 2, what is 11001000011001011000 - -101?
11001000011001011101
In base 9, what is -45 + -4105?
-4151
In base 15, what is -6 - -24947?
24941
In base 3, what is 21010 - -110202122?
111000202
In base 5, what is 234 - 14131?
-13342
In base 13, what is 12c79 - 19?
12c60
In base 6, what is 511200 + 13?
511213
In base 3, what is -12111012 + 212000?
-11122012
In base 10, what is 7 - -9918?
9925
In base 14, what is 2 - -46927?
46929
In base 7, what is -2514 + -1200?
-4014
In base 10, what is 1 - 52719?
-52718
In base 12, what is -39160 - 3?
-39163
In base 10, what is -227033 + -5?
-227038
In base 9, what is -107027 + -10?
-107037
In base 6, what is -5 - 155441?
-155450
In base 8, what is 14517 - 103?
14414
In base 8, what is 5 + -13103?
-13076
In base 13, what is -49a - 533?
-a00
In base 8, what is 0 - 310611?
-310611
In base 3, what is 0 - -21210001001?
21210001001
In base 7, what is 1032 - 5666?
-4634
In base 3, what is 2201 - -21000102?
21010010
In base 11, what is -3031 + -9?
-303a
In base 2, what is -1011011001110101 - -11?
-1011011001110010
In base 4, what is -21 - 133312?
-133333
In base 2, what is 10111000111000000101 - -111?
10111000111000001100
In base 11, what is 18 - -1a819?
1a836
In base 3, what is -121 + 100002111?
100001220
In base 7, what is 16 - 464?
-445
In base 6, what is -41 - -10504243?
10504202
In base 9, what is 7740 - 364?
7365
In base 5, what is 1333 - 114020?
-112132
In base 4, what is 12 - -102330301?
102330313
In base 9, what is -22 + -16520?
-16542
In base 12, what is 159 + 144?
2a1
In base 12, what is -1 - 19836?
-19837
In base 9, what is -284 - 3617?
-4012
In base 5, what is 4230 - -1224?
11004
In base 15, what is -69 - 43b4?
-442d
In base 14, what is -4cb426 + 1?
-4cb425
In base 6, what is 4 - -132212?
132220
In base 14, what is -b - 70630?
-7063b
In base 12, what is -172 - -22?
-150
In base 4, what is -21100211 - 201?
-21101012
In base 7, what is 26 - 2144?
-2115
In base 16, what is -c - -570?
564
In base 7, what is -40151526 + 2?
-40151524
In base 7, what is 2521 - -20?
2541
In base 3, what is 1002 + -222000?
-220221
In base 12, what is -278 - 2a7?
-563
In base 2, what is -100110111101101 - 1000?
-100110111110101
In base 6, what is -12525 - -1041?
-11444
In base 13, what is -21c - -227?
8
In base 9, what is 33 + 783?
826
In base 16, what is -3 + -1cc?
-1cf
In base 7, what is -21026 + -331?
-21360
In base 9, what is 5 - 135203?
-135187
In base 6, what is -254 - 1120?
-1414
In base 16, what is 99 + 18?
b1
In base 15, what is 44883 - 2?
44881
In base 3, what is -11022 + 21100?
10001
In base 8, what is 74 + 3363?
3457
In base 4, what is -200313 + 33?
-200220
In base 2, what is -11111 + 10100111000?
10100011001
In base 15, what is -8c8 + -789?
-1162
In base 5, what is 20 - -132421111?
132421131
In base 15, what is -5 - 68a?
-690
In base 9, what is 1055 + -16576?
-15521
In base 16, what is -5 - e409?
-e40e
In base 4, what is -1031110 + -311?
-1032021
In base 10, what is -265597 + 3?
-265594
In base 2, what is -111101 + -10000111010111111?
-10000111011111100
In base 13, what is -94ac - -3?
-94a9
In base 4, what is -1110033213 + 113?
-1110033100
In base 16, what is -44b + -1a?
-465
In base 4, what is 3122231 + -1?
3122230
In base 5, what is -10 - 1304311?
-1304321
In base 9, what is 15836 - -2?
15838
In base 2, what is -1 + 10110100000001?
10110100000000
In base 14, what is 49b6 - -8?
49c0
In base 14, what is 2b + b94?
bc1
In base 15, what is 14 + 244?
258
In base 12, what is 27 + 31a9?
3214
In base 11, what is 1118a - 0?
1118a
In base 3, what is 1 + -1022112221?
-1022112220
In base 10, what is -82515 - 1?
-82516
In base 8, what is -235 + -2302?
-2537
In base 15, what is b92c - 0?
b92c
In base 15, what is -b7e - 7?
-b86
In base 10, what is -919 + 151?
-768
In base 8, what is 132 - 3?
127
In base 8, what is -3772 - -1?
-3771
In base 14, what is 4 + 33015a?
330160
In base 13, what is 6a51a + 0?
6a51a
In base 14, what is -619a - -25?
-6175
In base 5, what is 121323 - 123?
121200
In base 4, what is 1021311031 + -10?
1021311021
In base 3, what is 11220 - 102021?
-20101
In base 2, what is -10010110000 + 110000?
-10010000000
In base 9, what is 80638 - 0?
80638
In base 11, what is -5 - -187a?
1875
In base 14, what is 4c - -263?
2b1
In base 3, what is 102111022122 - -120?
102111100012
In base 8, what is 1720354 - 3?
1720351
In base 14, what is -1d809 - 5?
-1d810
In base 10, what is -1335 + 110?
-1225
In base 15, what is -9a2 - -25?
-97c
In base 15, what is -8 + -5c7?
-5d0
In base 2, what is -10001101 + -10100010?
-100101111
In base 6, what is 1345 - 31?
1314
In base 15, what is -20a38 + e?
-20a29
In base 15, what is 3 + -99d0?
-99cc
In base 13, what is c96 - -14b?
1114
In base 13, what is -14 + 1abb9?
1aba5
In base 5, what is -3 + 3200233?
3200230
In base 5, what is 1412240 + -41?
1412144
In base 12, what is 1 + -11b2b?
-11b2a
In base 14, what is -4225 + 1?
-4224
In base 2, what is 100 + -110101?
-110001
In base 8, what is -26243 - -33?
-26210
In base 11, what is 3528 + 1a8?
3725
In base 10, what is 24 + -5431?
-5407
In base 8, what is 11 + 4633?
4644
In base 14, what is -1633 - -3?
-1630
In base 5, what is -130 - -23020?
22340
In base 16, what is -64a - -23?
-627
In base 3, what is -110 - 11111202?
-11112012
In base 4, what is 10 - 30302?
-30232
In base 6, what is 433431 + -3?
433424
In base 6, what is -4 - 5341000?
-5341004
In base 2, what is 1100001000 + -10000111?
1010000001
In base 4, what is 12101 + -123110?
-111003
In base 12, what is 4 - -9b35?
9b39
In base 16, what is 1 - -246c?
246d
In base 14, what is -3 + -b305?
-b308
In base 5, what is 0 - 1031323?
-1031323
In base 10, what is 5 + -17247?
-17242
In base 8, what is -2 + 150612?
150610
In base 2, what is -110010001010110010 - 101?
-110010001010110111
In base 8, what is 20 - -1137?
1157
In base 7, what is -1045 - -12?
-1033
In base 5, what is -3 - 233133?
-233141
In base 9, what is -10 + -168376?
-168386
In base 10, what is -19 - 17070?
-17089
In base 11, what is aa4 + 31?
1025
In base 4, what is 113221112213 - 10?
113221112203
In base 4, what is -123 + -11112030?
-11112213
In base 12, what is -33 + 51?
1a
In base 4, what is 1321111110 - -11?
1321111121
In base 5, what is -41 + 20111?
20020
In base 5, what is -41 + 141040?
140444
In base 12, what is 67 + -1743?
-1698
In base 12, what is -5 + 6464?
645b
In base 11, what is 1454 + 382?
1826
In base 10, what is 26382 - 7?
26375
In base 15, what is -14b0b - -10?
-14aeb
In base 4, what is -10 + 2021302303?
2021302233
In base 13, what is 201 + -1020?
-b1c
In base 14, what is 22 - -2239?
225b
In base 9, what is 162 - 8137?
-7865
In base 9, what is 3 + -805778?
-805775
In base 7, what is 125 + -136352?
-136224
In base 8, what is 5 - -2110177?
2110204
In base 8, what is -30 + 1361?
1331
In base 2, what is 11001 + 100110?
111111
In base 6, what is -201 + 14545?
14344
In base 15, what is -1aadc - -3?
-1aad9
In base 14, what is -1221a + -b?
-12227
In base 7, what is -15 + 6100?
6052
In base 4, what is 333101031 - 131?
333100300
In base 2, what is -100111000101110000 - 101?
-100111000101110101
In base 4, what is -3232101 + 22?
-3232013
In base 8, what is 26 - -42012?
42040
In base 3, what is 20 + 10010000202?
10010000222
In base 11, what is 51 + 6076?
6117
In base 16, what is 188 - 8c?
fc
In base 6, what is 1 - -112525?
112530
In base 4, what is -112 - -11102?
10330
In base 6, what is 31 - 323?
-252
In base 3, what is 1122001 - -222?
1200000
In base 16, what is 70d - a?
703
In base 16, what is -3b - 787c?
-78b7
In base 9, what is -2 - 524437?
-524440
In base 11, what is -62 - -6404?
6352
In base 10, what is 66 - 1029?
-